{"id":2012,"date":"2025-03-11T10:08:27","date_gmt":"2025-03-11T09:08:27","guid":{"rendered":"https:\/\/expodeco.org\/oferta-sector\/illuminacio-i-tecnologia\/"},"modified":"2025-03-12T18:01:53","modified_gmt":"2025-03-12T17:01:53","slug":"illuminacio-i-tecnologia","status":"publish","type":"oferta-sector","link":"https:\/\/expodeco.org\/ca\/oferta-sector\/illuminacio-i-tecnologia\/","title":{"rendered":"Il\u00b7luminaci\u00f3 i tecnologia"},"content":{"rendered":"\n<p>Il\u00b7lumina els teus projectes i negoci amb propostes innovadores en il\u00b7luminaci\u00f3 decorativa, combinant est\u00e8tica, efici\u00e8ncia i confort.<\/p>\n","protected":false},"featured_media":1699,"template":"","meta":{"_acf_changed":false},"class_list":["post-2012","oferta-sector","type-oferta-sector","status-publish","has-post-thumbnail","hentry"],"acf":[],"_links":{"self":[{"href":"https:\/\/expodeco.org\/ca\/wp-json\/wp\/v2\/oferta-sector\/2012","targetHints":{"allow":["GET"]}}],"collection":[{"href":"https:\/\/expodeco.org\/ca\/wp-json\/wp\/v2\/oferta-sector"}],"about":[{"href":"https:\/\/expodeco.org\/ca\/wp-json\/wp\/v2\/types\/oferta-sector"}],"wp:featuredmedia":[{"embeddable":true,"href":"https:\/\/expodeco.org\/ca\/wp-json\/wp\/v2\/media\/1699"}],"wp:attachment":[{"href":"https:\/\/expodeco.org\/ca\/wp-json\/wp\/v2\/media?parent=2012"}],"curies":[{"name":"wp","href":"https:\/\/api.w.org\/{rel}","templated":true}]}}

Il·luminació i tecnologia

<p>Il·lumina els teus projectes i negoci amb propostes innovadores en il·luminació decorativa, combinant estètica, eficiència i confort.</p>
